the units digit of j(r)?
2
Let q(s) = -s**3 - s**2 + s + 3. Let l be q(0). Let o be l/3*2 + 1. Suppose o*f + 1 = 10. What is the units digit of f?
3
Suppose 5*c - 5*g = 15, -5*g + 3 - 13 = 0. What is the tens digit of 13 + (2 + c - 5)?
1
Let h(s) = s**2 + 4. Let q be h(0). Suppose -t + 4*t = -2*f + 26, f = -q*t + 38. What is the units digit of t?
0
Suppose 0 = -q - 3*q. Suppose -4*g + q*g = -64. Suppose 0 = -y - b + 4*b, -g = -y - 5*b. What is the units digit of y?
6
Let w(i) = -i**2 + 13*i + 1. What is the tens digit of w(6)?
4
Let s be (-2)/7 - (-288)/28. What is the units digit of s*((-21)/2)/(-7)?
5
Let o be ((-8)/(-6))/(1/6). Suppose -4 = -r - l, 4*r + 5*l - 8 = o. What is the units digit of r?
4
Let v = -6 - -5. Let q(y) = -4*y**3 + y. Let n be q(v). Suppose u + n = 4*u. What is the units digit of u?
1
Let f(v) be the second derivative of -v**5/20 + 3*v**4/4 + v**3/3 - 5*v**2/2 - 3*v. What is the units digit of f(9)?
3
Suppose -968 = -19*g + 1122. What is the hundreds digit of g?
1
Let t(u) = -2*u - 10. Let b(k) = -k - 15. Let j be b(-7). Let s be t(j). What is the units digit of 10 - (s - 2)/2?
8
Let r be (-1 - 0)/(-1) + 29. What is the tens digit of (-1)/(-5) + 684/r?
2
Let p = 5 - 11. Let x = p - -1. What is the units digit of (2 - 3)*(x + -1)?
6
Let d = -10 - -28. Suppose 2*o + 0*o - 58 = -2*s, -3*o + 93 = -3*s. Let i = o - d. What is the tens digit of i?
1
Let a(u) = -2*u - 6. What is the units digit of a(-5)?
4
Suppose 4*t + 2*f - 78 = 122, 4*f - 16 = 0. What is the tens digit of t?
4
Let g(p) = -2*p**2 + 20*p + 12. What is the tens digit of g(10)?
1
Suppose -2*s + 409 = 49. What is the tens digit of s?
8
Let k(p) = p + 1. What is the units digit of k(2)?
3
Let z(j) = -3*j + 1. Let t(o) = 7*o - 2. Let g(h) = -2*t(h) - 5*z(h). What is the units digit of g(5)?
4
Let r = 22 + -12. Suppose 0 = 3*i - 2 - r. Suppose -5*a - i*w = -7 - 23, -3*a = -3*w - 45. What is the units digit of a?
0
Let l = -16 + 9. Let s = -3 - l. Suppose 2*x - s = 4. What is the units digit of x?
4
Suppose 6*q = 3*q. Suppose -5*i = -q*i - 15. What is the units digit of i?
3
Let m(x) = -x**2 + 7*x + 2. Let z be m(7). Suppose -z*b - b + 126 = 0. What is the units digit of b?
2
Suppose 3*b = -4*t + 1 - 2, 0 = 5*b - t - 6. Suppose -5*n - b - 24 = 0. What is the units digit of 15/(-5) - (n - 1)?
3
Let r be ((-6)/4)/((-9)/60). Suppose r = -h - 4*h. Let p = h - -8. What is the units digit of p?
6
Suppose 23*b - 18*b - 75 = 0. What is the tens digit of b?
1
Suppose 29*g = 33*g - 448. What is the tens digit of g?
1
Suppose 1 = -5*z - 4. What is the tens digit of 2/(z/(100/(-8)))?
2
Suppose -r - 22 = -119. What is the units digit of r?
7
Let k(l) = -27*l - 58. What is the hundreds digit of k(-10)?
2
Let l(d) = -d - 4. Let p be l(-5). Suppose p = -b + 4. Suppose -4*a = -5*a + b. What is the units digit of a?
3
Let k(o) = o**2 - 4*o - 2. Let b(u) = -u**2 - 7*u - 5. Let r be b(-4). What is the units digit of k(r)?
9
Suppose -8 = 5*l + 12. Let d be 80/6 - l/6. Let z = -8 + d. What is the units digit of z?
6
Let h(v) = -2*v**3 + 3*v + 3*v**3 + 3*v - 3*v**2 - 4*v. Let c be h(2). Let j(k) = k**3 - k**2 + 4. What is the units digit of j(c)?
4
Let w(j) = -j**2 - j + 5. Let v be w(5). Let n = -3 - v. What is the tens digit of n?
2
Let i(t) = t - 1. Let m be i(2). Let v(g) be the first derivative of 2*g**3 - 1. What is the units digit of v(m)?
6
Suppose 0 = 3*n - 53 - 49. Suppose 2*h - 8 = -5*p, 0 = -h + p + 4*p + n. Suppose -2*v + 4*a = -h, 2*v - a = v + 6. What is the units digit of v?
5
Suppose -8*s = -3*s - 30. Suppose -s*g = -g. Suppose 4*m = -g*m + 12. What is the units digit of m?
3
What is the tens digit of (-12)/42 + 3676/28?
3
Suppose 2*s + 3*s = -3*c + 9, 0 = 3*c - 3*s + 15. What is the units digit of (9 - 4) + (c - -1)?
4
What is the units digit of 2*16 - 6*(-1)/2?
5
Suppose 3*i - 22 = -2*g, -5*g = -g - 5*i. Let a = g - 2. What is the units digit of a?
3
Let g(v) = 13*v**2 + v. Let m be g(-1). Let n be ((-1)/(-2))/((-1)/m). Let l(u) = u**3 + 6*u**2 + 1. What is the units digit of l(n)?
1
Suppose 5*b = -y + 198, -3*y = b - 10 - 24. What is the tens digit of b?
4
Suppose 3*y - 60 = 5*k - 175, 0 = 5*k + 5*y - 115. What is the units digit of k?
3
Let i be 6/(-2) + (-230)/(-5). Let s = -14 + i. Let z = -16 + s. What is the units digit of z?
3
Suppose 4*y - 16 = 2*g, -g + 4 = -y + 5*y. Let h be (-4 + 3)/(1 - 2). Let n = y - h. What is the units digit of n?
1
Let v = 47 - 23. Let i be (-1)/4 - (-222)/v. Let r(l) = l**2 - 8*l - 5. What is the units digit of r(i)?
4
Let u(f) = 2*f. Let k be u(7). Let w be k/(-18) + (-8)/36. Let s(y) = -8*y**3 + 2*y**2 - 1. What is the units digit of s(w)?
9
Let i(p) be the third derivative of -p**5/120 - p**4/24 + p**3/3 + 3*p**2. Let m(f) be the first derivative of i(f). What is the units digit of m(-3)?
2
Let p be 6/33 - 46/11. What is the units digit of (-6)/p*(-176)/(-24)?
1
Let i(q) = 5*q + 3. Let b be i(5). Suppose -2*a + 14 = 4*x, x = -a + 5*a - b. What is the units digit of a?
7
Let o(t) = -5*t**3 - 2*t - 9. What is the tens digit of o(-3)?
3
Let t be ((-84)/15)/((-3)/15). Suppose 4*r + 0*r - t = 0. What is the units digit of r?
7
Let r(t) = 16*t + 7. Let k be r(6). Let n = k - 73. Suppose -i - 4*i = -n. What is the units digit of i?
6
Suppose -z - z + 12 = 0. What is the units digit of (-165)/22*(-8)/z?
0
Let o = 749 + -402. What is the units digit of o?
7
What is the tens digit of ((-6)/4)/(4/((-176)/6))?
1
Let a = 768 - 524. What is the tens digit of a?
4
Let j(b) = -2*b**2. Let d be j(-3). Let i = d + 26. What is the units digit of i?
8
Let p(y) = y**2 - y + 3. Let k be p(4). Suppose -g = -0*g - k. Suppose -2*l = 5*o - 16, 3*l - 5*o = 34 + g. What is the units digit of l?
3
Suppose -16*b - 686 = -3694. What is the units digit of b?
8
Let y(v) = 2*v**3 - 17*v**2 - 7*v - 21. Let g(d) = -d**3 + 9*d**2 + 4*d + 11. Let t(m) = -5*g(m) - 2*y(m). What is the tens digit of t(12)?
5
Let c be (27/(-12))/(12/(-32)). What is the units digit of 33/c + 6/4?
7
Let h be -1*5/(5/(-6)). What is the units digit of (-2)/h + (-80)/(-6)?
3
What is the tens digit of -23 + 52 + -2 + (1 - 1)?
2
Let w be (29*3)/(6/4). Suppose -z = z - w. What is the tens digit of z?
2
Suppose 6*k - k = 0. Let h = 7 + k. What is the units digit of h?
7
Let j be (1/2 + -1)*-18. Suppose -j + 1 = -4*m. Suppose -m*g + 29 + 21 = 5*z, -2*z + 41 = 5*g. What is the units digit of z?
8
Suppose o + 4*o = -15. Suppose 0*h + 3*h - 64 = -4*q, -4*q = -4*h - 36. Let k = o + q. What is the tens digit of k?
1
Let z(b) = 14*b**2 - 12*b - 8. Let i(m) = -5*m**2 + 4*m + 3. Let n(d) = 11*i(d) + 4*z(d). What is the units digit of n(5)?
6
Suppose 3*f - 9 = 5*f - 5*p, 24 = 5*f + 3*p. Suppose -5*w = -h - 7, w + 6 = f*h - 1. What is the units digit of h?
3
Let v be (2 - 2)*1/2. Suppose 3*u - 7*u + 84 = v. What is the tens digit of u?
2
Suppose -2 = 5*q - 6*q. Suppose 0 = 6*j - q*j - 8. What is the units digit of -1*(-10 - 0/j)?
0
Let f be ((-18)/4)/(1/2). What is the units digit of (-92)/f + (-10)/45?
0
What is the units digit of (116/6)/(4/6)?
9
Let b = 13 + 268. What is the units digit of b?
1
Let u be (-637)/(-21) + (-2)/6. Let b = -82 + u. What is the units digit of (-148)/b - 2/(-13)?
3
Suppose c = 4*y + 32, 5*y - 3*c + 43 = -c. Let p(d) = -d**2 - 11*d - 8. What is the tens digit of p(y)?
2
What is the units digit of -45*(66/(-9) - -5)?
5
Suppose 61 + 30 = 5*p - 3*g, -5*g = p - 7. Let t = 29 - p. What is the units digit of t?
2
Suppose 36*x - 570 = 31*x. What is the tens digit of x?
1
Let n be 20/11 - (-4)/22. Suppose n*i = -i. What is the units digit of 4*(3/12 - i)?
1
Let d be (6/(-5))/((-12)/30). Suppose -5*p - 18 = 4*y, p + d*p - y = -6. Let z = p - -7. What is the units digit of z?
5
Let c(t) be the first derivative of -t**2/2 + 2*t + 4. Suppose 5*i - 3*i = -20. What is the tens digit of c(i)?
1
Suppose -6*q + 1296 = -114. What is the tens digit of q?
3
Let u(j) be the first derivative of 11*j**2/2 + 2*j - 2. Let w(p) = p. Let r(f) = -u(f) + 6*w(f). What is the units digit of r(-2)?
8
Suppose 196 = -5*y - i + 635, -5*y + 447 = 3*i. What is the units digit of y?
7
Suppose -7 = -h - 24. Let o = -7 - h. What is the units digit of (o/(-3))/(1/(-3))?
0
Let y(t) be the first derivative of t**4/4 + 3